{"id":1613,"date":"2025-06-18T11:58:42","date_gmt":"2025-06-18T09:58:42","guid":{"rendered":"http:\/\/judofenouillet.fr\/?page_id=1613"},"modified":"2025-09-13T15:28:02","modified_gmt":"2025-09-13T13:28:02","slug":"informations-rentree-2025-2026","status":"publish","type":"page","link":"https:\/\/judofenouillet.fr\/index.php\/informations-rentree-2025-2026\/","title":{"rendered":"Informations rentr\u00e9e 2025\/2026"},"content":{"rendered":"\n<hr class=\"wp-block-separator has-css-opacity\"\/>\n\n\n\n<p><strong><u>REPRISE DES COURS<\/u><\/strong><\/p>\n\n\n\n<p>D\u00e9but des cours <strong>lundi 8 septembre 2025<\/strong><br><em>(Pour les renouvellements n\u00e9s avant 2016, entrainements les mercredi 27 ao\u00fbt et 3 septembre de 18h \u00e0 19h30)<\/em><\/p>\n\n\n\n<hr class=\"wp-block-separator has-css-opacity\"\/>\n\n\n\n<p><strong><u>INSCRIPTIONS<\/u><\/strong><\/p>\n\n\n\n<p class=\"has-yellow-background-color has-background\">Le club r\u00e9cup\u00e9rera les <strong><u>dossiers et informera <\/u><\/strong>lors du forum des associations <s>au<a href=\"https:\/\/www.google.com\/maps\/place\/30+Chem.+du+Bocage,+31150+Fenouillet\/@43.6954232,1.3883916,17z\/data=!4m5!3m4!1s0x12aea5c344d3fe57:0x871a1e3a93bcd311!8m2!3d43.6954232!4d1.3896637\" target=\"_blank\" rel=\"noreferrer noopener\"> <\/a>Gymnase de la Halle CORNAC<\/s> le <strong>samedi 6 septembre de 10h \u00e0 17h<\/strong> au lac du bocage.<br>Au Dojo: le mercredi 3 septembre de 17h00 \u00e0 19h30<\/p>\n\n\n\n<p>inscription d\u00e9finitive apr\u00e8s validation des cours d\u2019essai.<br>(possible toute l\u2019ann\u00e9e)<\/p>\n\n\n\n<ul class=\"wp-block-list\">\n<li><strong>Nouveaux Judokas \/ Taisokas<\/strong> \/ <strong>Jijibistes<\/strong><\/li>\n<\/ul>\n\n\n\n<p><strong><u>COURS D\u2019ESSAIS<\/u><\/strong><br>Le club propose <strong>2 \u00e0 3 cours d\u2019essais (gratuits et sans engagements) <\/strong>aux <a href=\"https:\/\/judofenouillet.fr\/index.php\/les-horaires\/\" data-type=\"page\" data-id=\"13\">horaires correspondant \u00e0 la tranche d&rsquo;\u00e2ge<\/a> de la personne souhaitant faire l&rsquo;essai,<br> avec un pr\u00eat de kimono si besoin.<\/p>\n\n\n\n<p class=\"has-normal-font-size\"><a href=\"https:\/\/judofenouillet.fr\/index.php\/les-documents\/\" data-type=\"page\" data-id=\"45\" target=\"_blank\" rel=\"noreferrer noopener\">Documents \u00e0 fournir\/remplir<\/a><\/p>\n\n\n\n<hr class=\"wp-block-separator has-css-opacity\"\/>\n\n\n\n<ul class=\"wp-block-list\">\n<li><strong>Renouvellements<\/strong><\/li>\n<\/ul>\n\n\n\n<p><strong><u>FORMULAIRE LICENCE<\/u><\/strong><\/p>\n\n\n\n<p><a href=\"https:\/\/moncompte.ffjudo.com\/prise-licence\">https:\/\/moncompte.ffjudo.com\/prise-licence<\/a><\/p>\n\n\n\n<p>pour les renouvellement, Vous allez recevoir un mail de&nbsp;<a rel=\"noreferrer noopener\" href=\"mailto:informations@licences-ffjudo.com\" target=\"_blank\">informations@licences-ffjudo.com<\/a> (v\u00e9rifiez vos spams au cas o\u00f9) vous proposant de renouveler la licence. Celle-ci sera valid\u00e9e par le club qu\u2019apr\u00e8s inscription compl\u00e8te.<\/p>\n\n\n\n<p><strong><u>CERTIFICAT MEDICAL<\/u><\/strong><\/p>\n\n\n\n<p>Le certificat m\u00e9dical n&rsquo;est plus obligatoire si vous r\u00e9pondez au questionnaire. (Limit\u00e9 \u00e0 3 ans pour les renouvellements adultes)<\/p>\n\n\n\n<p><strong><u>COTISATIONS<\/u><\/strong><br>&#8211; Le montant de la cotisation 2025\/2026 (<a href=\"https:\/\/judofenouillet.fr\/index.php\/les-tarifs\/\" data-type=\"page\" data-id=\"43\">voir ici<\/a>)<br><br>&#8211; L&rsquo;\u00e9tat enverra (selon crit\u00e8re de bourse et age) un coupon <a href=\"https:\/\/www.sports.gouv.fr\/accueil-du-site\/article\/le-pass-sport\" target=\"_blank\" rel=\"noreferrer noopener\">PASS\u2019 SPORT<\/a> (ristourne) de 70\u20ac utilisable pour vos enfants au judo club fenouillet. Il sera d\u00e9ductible du montant de la cotisation.<br><\/p>\n\n\n\n<p><em>Nous acceptons le r\u00e8glement par les ch\u00e8ques vacances et les participations des CE.<\/em><\/p>\n\n\n\n<ul class=\"wp-block-list\">\n<li><strong>Les Documents<\/strong><\/li>\n<\/ul>\n\n\n\n<figure class=\"wp-block-table\"><table><tbody><tr><td><\/td><td><strong>4 \u00e9tapes pour une inscription d\u00e9finitive<\/strong><\/td><td><\/td><\/tr><tr><td>1<\/td><td>Formulaire de renseignement Club (<a href=\"https:\/\/forms.office.com\/Pages\/ResponsePage.aspx?id=Dw-K31lW5Eqt27NMgaB-kRuowwlkubRElKw0TJa_FAhUOFE5RFhBWjJISVpRNDhDSFFIWE5QNTZRMS4u\">en ligne<\/a>)<\/td><td><\/td><\/tr><tr><td>2<\/td><td><a href=\"https:\/\/judofenouillet.fr\/wp-content\/uploads\/2024\/07\/Fiche-Autorisation-2024-form.pdf\">Autorisations diverses<\/a> \u00e0 retourner au club au format papier<\/td><td><a href=\"https:\/\/judofenouillet.fr\/wp-content\/uploads\/2024\/07\/QUESTIONNAIRE_SANTE_MINEURS.pdf\">Questionnaire Mineurs<\/a>\u00a0<br><a href=\"https:\/\/judofenouillet.fr\/wp-content\/uploads\/2024\/07\/QUESTIONNAIRE_MEDICAL_MAJEURS.pdf\">Questionnaire Majeurs<\/a>\u00a0<\/td><\/tr><tr><td>3<\/td><td>Saisie de licence\u00a0<a href=\"https:\/\/moncompte.ffjudo.com\/prise-licence\">en ligne<\/a><\/td><td><\/td><\/tr><tr><td>4<\/td><td>R\u00e8glement de l\u2019adh\u00e9sion (<a href=\"https:\/\/judofenouillet.fr\/index.php\/les-tarifs\/\">voir tarifs et modalit\u00e9s<\/a>)<\/td><td><\/td><\/tr><\/tbody><\/table><\/figure>\n\n\n\n<figure class=\"wp-block-table\"><table class=\"has-fixed-layout\"><tbody><tr><td>Cours d&rsquo;Essai<\/td><td><a href=\"https:\/\/judofenouillet.fr\/wp-content\/uploads\/2022\/07\/SEANCE_DECOUVERTEBL.pdf\" target=\"_blank\" rel=\"noreferrer noopener\">carte s\u00e9ance d\u00e9couverte<\/a><\/td><\/tr><\/tbody><\/table><\/figure>\n\n\n\n<p><\/p>\n","protected":false},"excerpt":{"rendered":"<p>REPRISE DES COURS D\u00e9but des cours lundi 8 septembre 2025(Pour les renouvellements n\u00e9s avant 2016, entrainements les mercredi 27 ao\u00fbt et 3 septembre de 18h \u00e0 19h30) INSCRIPTIONS Le club r\u00e9cup\u00e9rera les dossiers et informera lors du forum des associations au Gymnase de la Halle CORNAC le samedi 6 septembre de 10h \u00e0 17h au &hellip; <a href=\"https:\/\/judofenouillet.fr\/index.php\/informations-rentree-2025-2026\/\" class=\"more-link\">Continue reading <span class=\"screen-reader-text\">Informations rentr\u00e9e 2025\/2026<\/span><\/a><\/p>\n","protected":false},"author":2,"featured_media":0,"parent":0,"menu_order":0,"comment_status":"closed","ping_status":"closed","template":"","meta":{"footnotes":""},"class_list":["post-1613","page","type-page","status-publish","hentry"],"jetpack_sharing_enabled":true,"_links":{"self":[{"href":"https:\/\/judofenouillet.fr\/index.php\/wp-json\/wp\/v2\/pages\/1613"}],"collection":[{"href":"https:\/\/judofenouillet.fr\/index.php\/wp-json\/wp\/v2\/pages"}],"about":[{"href":"https:\/\/judofenouillet.fr\/index.php\/wp-json\/wp\/v2\/types\/page"}],"author":[{"embeddable":true,"href":"https:\/\/judofenouillet.fr\/index.php\/wp-json\/wp\/v2\/users\/2"}],"replies":[{"embeddable":true,"href":"https:\/\/judofenouillet.fr\/index.php\/wp-json\/wp\/v2\/comments?post=1613"}],"version-history":[{"count":41,"href":"https:\/\/judofenouillet.fr\/index.php\/wp-json\/wp\/v2\/pages\/1613\/revisions"}],"predecessor-version":[{"id":2358,"href":"https:\/\/judofenouillet.fr\/index.php\/wp-json\/wp\/v2\/pages\/1613\/revisions\/2358"}],"wp:attachment":[{"href":"https:\/\/judofenouillet.fr\/index.php\/wp-json\/wp\/v2\/media?parent=1613"}],"curies":[{"name":"wp","href":"https:\/\/api.w.org\/{rel}","templated":true}]}}