{"id":2113,"date":"2024-07-04T19:27:00","date_gmt":"2024-07-04T17:27:00","guid":{"rendered":"https:\/\/judofenouillet.fr\/?page_id=2113"},"modified":"2024-07-06T17:35:15","modified_gmt":"2024-07-06T15:35:15","slug":"le-jiu-jitsu-bresilien-arrive-au-club","status":"publish","type":"page","link":"https:\/\/judofenouillet.fr\/index.php\/le-jiu-jitsu-bresilien-arrive-au-club\/","title":{"rendered":"Le jiu-Jitsu Br\u00e9silien \u00e0 Fenouillet :"},"content":{"rendered":"\n<p>Ludo ceinture marron de JJB \u00e0 l&rsquo;Aranha de Toulouse de Yann CABRAL sous Mestre Eric SATGE et Danylson DEMATOS, vous fera d\u00e9couvrir l&rsquo;Arte Suave, notre cousin au sol du judo.<br>Rendez vous <strong>les Lundi soir de 19h15 \u00e0 20h45 et les mercredi de 20h30 \u00e0 21h30<\/strong>.<br>au dojo de Fenouillet!<\/p>\n","protected":false},"excerpt":{"rendered":"<p>Ludo ceinture marron de JJB \u00e0 l&rsquo;Aranha de Toulouse de Yann CABRAL sous Mestre Eric SATGE et Danylson DEMATOS, vous fera d\u00e9couvrir l&rsquo;Arte Suave, notre cousin au sol du judo.Rendez vous les Lundi soir de 19h15 \u00e0 20h45 et les mercredi de 20h30 \u00e0 21h30.au dojo de Fenouillet!<\/p>\n","protected":false},"author":2,"featured_media":0,"parent":0,"menu_order":0,"comment_status":"closed","ping_status":"closed","template":"","meta":{"footnotes":""},"class_list":["post-2113","page","type-page","status-publish","hentry"],"jetpack_sharing_enabled":true,"_links":{"self":[{"href":"https:\/\/judofenouillet.fr\/index.php\/wp-json\/wp\/v2\/pages\/2113"}],"collection":[{"href":"https:\/\/judofenouillet.fr\/index.php\/wp-json\/wp\/v2\/pages"}],"about":[{"href":"https:\/\/judofenouillet.fr\/index.php\/wp-json\/wp\/v2\/types\/page"}],"author":[{"embeddable":true,"href":"https:\/\/judofenouillet.fr\/index.php\/wp-json\/wp\/v2\/users\/2"}],"replies":[{"embeddable":true,"href":"https:\/\/judofenouillet.fr\/index.php\/wp-json\/wp\/v2\/comments?post=2113"}],"version-history":[{"count":4,"href":"https:\/\/judofenouillet.fr\/index.php\/wp-json\/wp\/v2\/pages\/2113\/revisions"}],"predecessor-version":[{"id":2216,"href":"https:\/\/judofenouillet.fr\/index.php\/wp-json\/wp\/v2\/pages\/2113\/revisions\/2216"}],"wp:attachment":[{"href":"https:\/\/judofenouillet.fr\/index.php\/wp-json\/wp\/v2\/media?parent=2113"}],"curies":[{"name":"wp","href":"https:\/\/api.w.org\/{rel}","templated":true}]}}