{"id":49,"date":"2020-03-09T11:46:12","date_gmt":"2020-03-09T10:46:12","guid":{"rendered":"http:\/\/judofenouillet.fr\/?page_id=49"},"modified":"2025-03-25T17:01:48","modified_gmt":"2025-03-25T16:01:48","slug":"lenseignement","status":"publish","type":"page","link":"https:\/\/judofenouillet.fr\/index.php\/lenseignement\/","title":{"rendered":"L&rsquo;enseignement"},"content":{"rendered":"\n<p>Recrut\u00e9 en 2017 par le bureau d&rsquo;alors, Ludovic GIORDANA est venu remplacer Justine, partie \u00e0 la montagne.<\/p>\n\n\n\n<p>Form\u00e9 par les fr\u00e8res, Gilbert puis Ramon, EGEA dans le Tarn et Garonne \u00e0 Montech, puis \u00e0 Montauban. Ludovic enseigne depuis la fin des ann\u00e9es 90.<br \/>Dipl\u00f4m\u00e9 d&rsquo;\u00e9tat du 1<sup>er<\/sup> degr\u00e9 en 2004 et du 2<sup>\u00e8me<\/sup> degr\u00e9 depuis 2011.<br \/>5<sup>\u00e8me<\/sup> DAN et Jury Kata et technique, Ludovic assure les cours du lundi, mercredi et vendredi, les stages et suivis de comp\u00e9titions.<\/p>\n\n\n\n<p>Il pratique le JJB depuis 2015 et a obtenu la ceinture Marron d&rsquo;Eric SATGE de l&rsquo;association ARANHA cofond\u00e9e avec Yann CABRAL.<\/p>\n\n\n\n<figure class=\"wp-block-image size-large\"><img loading=\"lazy\" decoding=\"async\" width=\"1024\" height=\"1024\" src=\"https:\/\/judofenouillet.fr\/wp-content\/uploads\/2024\/10\/WhatsApp-Image-2024-09-18-a-12.01.55_719f5466-1024x1024.jpg\" alt=\"\" class=\"wp-image-2308\" srcset=\"https:\/\/judofenouillet.fr\/wp-content\/uploads\/2024\/10\/WhatsApp-Image-2024-09-18-a-12.01.55_719f5466-1024x1024.jpg 1024w, https:\/\/judofenouillet.fr\/wp-content\/uploads\/2024\/10\/WhatsApp-Image-2024-09-18-a-12.01.55_719f5466-300x300.jpg 300w, https:\/\/judofenouillet.fr\/wp-content\/uploads\/2024\/10\/WhatsApp-Image-2024-09-18-a-12.01.55_719f5466-150x150.jpg 150w, https:\/\/judofenouillet.fr\/wp-content\/uploads\/2024\/10\/WhatsApp-Image-2024-09-18-a-12.01.55_719f5466-768x768.jpg 768w, https:\/\/judofenouillet.fr\/wp-content\/uploads\/2024\/10\/WhatsApp-Image-2024-09-18-a-12.01.55_719f5466-1536x1536.jpg 1536w, https:\/\/judofenouillet.fr\/wp-content\/uploads\/2024\/10\/WhatsApp-Image-2024-09-18-a-12.01.55_719f5466.jpg 1979w\" sizes=\"(max-width: 1024px) 100vw, 1024px\" \/><\/figure>\n\n\n\n<p><br \/>Il est r\u00e9guli\u00e8rement assist\u00e9 par Clara et Sofiane Certifi\u00e9 Assistants Professeur, et L\u00e9o<\/p>\n\n\n\n<figure class=\"wp-block-image size-large\"><img loading=\"lazy\" decoding=\"async\" width=\"1024\" height=\"1024\" src=\"https:\/\/judofenouillet.fr\/wp-content\/uploads\/2025\/03\/picsart_25-03-25_16-15-48-97919083974900859382605-1024x1024.jpg\" alt=\"\" class=\"wp-image-2321\" srcset=\"https:\/\/judofenouillet.fr\/wp-content\/uploads\/2025\/03\/picsart_25-03-25_16-15-48-97919083974900859382605-1024x1024.jpg 1024w, https:\/\/judofenouillet.fr\/wp-content\/uploads\/2025\/03\/picsart_25-03-25_16-15-48-97919083974900859382605-300x300.jpg 300w, https:\/\/judofenouillet.fr\/wp-content\/uploads\/2025\/03\/picsart_25-03-25_16-15-48-97919083974900859382605-150x150.jpg 150w, https:\/\/judofenouillet.fr\/wp-content\/uploads\/2025\/03\/picsart_25-03-25_16-15-48-97919083974900859382605-768x768.jpg 768w, https:\/\/judofenouillet.fr\/wp-content\/uploads\/2025\/03\/picsart_25-03-25_16-15-48-97919083974900859382605-1536x1536.jpg 1536w, https:\/\/judofenouillet.fr\/wp-content\/uploads\/2025\/03\/picsart_25-03-25_16-15-48-97919083974900859382605.jpg 2000w\" sizes=\"(max-width: 1024px) 100vw, 1024px\" \/><figcaption class=\"wp-element-caption\">(c) MyTeamMates<\/figcaption><\/figure>\n\n\n\n<figure class=\"wp-block-image is-resized is-style-rounded\"><img loading=\"lazy\" decoding=\"async\" width=\"1024\" height=\"681\" src=\"https:\/\/judofenouillet.fr\/wp-content\/uploads\/2020\/03\/DSC3100_resultat-1024x681.jpg\" alt=\"\" class=\"wp-image-309\" srcset=\"https:\/\/judofenouillet.fr\/wp-content\/uploads\/2020\/03\/DSC3100_resultat-1024x681.jpg 1024w, https:\/\/judofenouillet.fr\/wp-content\/uploads\/2020\/03\/DSC3100_resultat-300x200.jpg 300w, https:\/\/judofenouillet.fr\/wp-content\/uploads\/2020\/03\/DSC3100_resultat-768x511.jpg 768w, https:\/\/judofenouillet.fr\/wp-content\/uploads\/2020\/03\/DSC3100_resultat-1536x1022.jpg 1536w, https:\/\/judofenouillet.fr\/wp-content\/uploads\/2020\/03\/DSC3100_resultat-2048x1363.jpg 2048w\" sizes=\"(max-width: 1024px) 100vw, 1024px\" \/><figcaption class=\"wp-element-caption\"><em>Ludovic GIORDANA<\/em><\/figcaption><\/figure>\n\n\n\n<hr class=\"wp-block-separator has-css-opacity\"\/>\n\n\n\n<p class=\"has-small-font-size\"><em>Cr\u00e9dits Photos : S\u00e9bastien MERVIEL <\/em><br \/><a href=\"https:\/\/www.instagram.com\/sebzphotos\/\" target=\"_blank\" rel=\"noreferrer noopener\"> https:\/\/www.instagram.com\/zeb.jpg\/ <\/a><br \/> <a rel=\"noreferrer noopener\" aria-label=\" (s\u2019ouvre dans un nouvel onglet)\" href=\"https:\/\/www.instagram.com\/sb.merviel\/\" target=\"_blank\">https:\/\/www.instagram.com\/sb.merviel\/<\/a> <\/p>\n","protected":false},"excerpt":{"rendered":"<p>Recrut\u00e9 en 2017 par le bureau d&rsquo;alors, Ludovic GIORDANA est venu remplacer Justine, partie \u00e0 la montagne. Form\u00e9 par les fr\u00e8res, Gilbert puis Ramon, EGEA dans le Tarn et Garonne \u00e0 Montech, puis \u00e0 Montauban. Ludovic enseigne depuis la fin des ann\u00e9es 90.Dipl\u00f4m\u00e9 d&rsquo;\u00e9tat du 1er degr\u00e9 en 2004 et du 2\u00e8me degr\u00e9 depuis 2011.5\u00e8me &hellip; <a href=\"https:\/\/judofenouillet.fr\/index.php\/lenseignement\/\" class=\"more-link\">Continue reading <span class=\"screen-reader-text\">L&rsquo;enseignement<\/span><\/a><\/p>\n","protected":false},"author":2,"featured_media":0,"parent":0,"menu_order":0,"comment_status":"closed","ping_status":"closed","template":"","meta":{"footnotes":""},"class_list":["post-49","page","type-page","status-publish","hentry"],"jetpack_sharing_enabled":true,"_links":{"self":[{"href":"https:\/\/judofenouillet.fr\/index.php\/wp-json\/wp\/v2\/pages\/49"}],"collection":[{"href":"https:\/\/judofenouillet.fr\/index.php\/wp-json\/wp\/v2\/pages"}],"about":[{"href":"https:\/\/judofenouillet.fr\/index.php\/wp-json\/wp\/v2\/types\/page"}],"author":[{"embeddable":true,"href":"https:\/\/judofenouillet.fr\/index.php\/wp-json\/wp\/v2\/users\/2"}],"replies":[{"embeddable":true,"href":"https:\/\/judofenouillet.fr\/index.php\/wp-json\/wp\/v2\/comments?post=49"}],"version-history":[{"count":22,"href":"https:\/\/judofenouillet.fr\/index.php\/wp-json\/wp\/v2\/pages\/49\/revisions"}],"predecessor-version":[{"id":2322,"href":"https:\/\/judofenouillet.fr\/index.php\/wp-json\/wp\/v2\/pages\/49\/revisions\/2322"}],"wp:attachment":[{"href":"https:\/\/judofenouillet.fr\/index.php\/wp-json\/wp\/v2\/media?parent=49"}],"curies":[{"name":"wp","href":"https:\/\/api.w.org\/{rel}","templated":true}]}}

<p>Recruté en 2017 par le bureau d&rsquo;alors, Ludovic GIORDANA est venu remplacer Justine, partie à la montagne.</p>



<p>Formé par les frères, Gilbert puis Ramon, EGEA dans le Tarn et Garonne à Montech, puis à Montauban. Ludovic enseigne depuis la fin des années 90.<br />Diplômé d&rsquo;état du 1<sup>er</sup> degré en 2004 et du 2<sup>ème</sup> degré depuis 2011.<br />5<sup>ème</sup> DAN et Jury Kata et technique, Ludovic assure les cours du lundi, mercredi et vendredi, les stages et suivis de compétitions.</p>



<p>Il pratique le JJB depuis 2015 et a obtenu la ceinture Marron d&rsquo;Eric SATGE de l&rsquo;association ARANHA cofondée avec Yann CABRAL.</p>



<figure class="wp-block-image size-large"><img loading="lazy" decoding="async" width="1024" height="1024" src="https://judofenouillet.fr/wp-content/uploads/2024/10/WhatsApp-Image-2024-09-18-a-12.01.55_719f5466-1024x1024.jpg" alt="" class="wp-image-2308" srcset="https://judofenouillet.fr/wp-content/uploads/2024/10/WhatsApp-Image-2024-09-18-a-12.01.55_719f5466-1024x1024.jpg 1024w, https://judofenouillet.fr/wp-content/uploads/2024/10/WhatsApp-Image-2024-09-18-a-12.01.55_719f5466-300x300.jpg 300w, https://judofenouillet.fr/wp-content/uploads/2024/10/WhatsApp-Image-2024-09-18-a-12.01.55_719f5466-150x150.jpg 150w, https://judofenouillet.fr/wp-content/uploads/2024/10/WhatsApp-Image-2024-09-18-a-12.01.55_719f5466-768x768.jpg 768w, https://judofenouillet.fr/wp-content/uploads/2024/10/WhatsApp-Image-2024-09-18-a-12.01.55_719f5466-1536x1536.jpg 1536w, https://judofenouillet.fr/wp-content/uploads/2024/10/WhatsApp-Image-2024-09-18-a-12.01.55_719f5466.jpg 1979w" sizes="(max-width: 1024px) 100vw, 1024px" /></figure>



<p><br />Il est régulièrement assisté par Clara et Sofiane Certifié Assistants Professeur, et Léo</p>



<figure class="wp-block-image size-large"><img loading="lazy" decoding="async" width="1024" height="1024" src="https://judofenouillet.fr/wp-content/uploads/2025/03/picsart_25-03-25_16-15-48-97919083974900859382605-1024x1024.jpg" alt="" class="wp-image-2321" srcset="https://judofenouillet.fr/wp-content/uploads/2025/03/picsart_25-03-25_16-15-48-97919083974900859382605-1024x1024.jpg 1024w, https://judofenouillet.fr/wp-content/uploads/2025/03/picsart_25-03-25_16-15-48-97919083974900859382605-300x300.jpg 300w, https://judofenouillet.fr/wp-content/uploads/2025/03/picsart_25-03-25_16-15-48-97919083974900859382605-150x150.jpg 150w, https://judofenouillet.fr/wp-content/uploads/2025/03/picsart_25-03-25_16-15-48-97919083974900859382605-768x768.jpg 768w, https://judofenouillet.fr/wp-content/uploads/2025/03/picsart_25-03-25_16-15-48-97919083974900859382605-1536x1536.jpg 1536w, https://judofenouillet.fr/wp-content/uploads/2025/03/picsart_25-03-25_16-15-48-97919083974900859382605.jpg 2000w" sizes="(max-width: 1024px) 100vw, 1024px" /><figcaption class="wp-element-caption">(c) MyTeamMates</figcaption></figure>



<figure class="wp-block-image is-resized is-style-rounded"><img loading="lazy" decoding="async" width="1024" height="681" src="https://judofenouillet.fr/wp-content/uploads/2020/03/DSC3100_resultat-1024x681.jpg" alt="" class="wp-image-309" srcset="https://judofenouillet.fr/wp-content/uploads/2020/03/DSC3100_resultat-1024x681.jpg 1024w, https://judofenouillet.fr/wp-content/uploads/2020/03/DSC3100_resultat-300x200.jpg 300w, https://judofenouillet.fr/wp-content/uploads/2020/03/DSC3100_resultat-768x511.jpg 768w, https://judofenouillet.fr/wp-content/uploads/2020/03/DSC3100_resultat-1536x1022.jpg 1536w, https://judofenouillet.fr/wp-content/uploads/2020/03/DSC3100_resultat-2048x1363.jpg 2048w" sizes="(max-width: 1024px) 100vw, 1024px" /><figcaption class="wp-element-caption"><em>Ludovic GIORDANA</em></figcaption></figure>



<hr class="wp-block-separator has-css-opacity"/>



<p class="has-small-font-size"><em>Crédits Photos : Sébastien MERVIEL </em><br /><a href="https://www.instagram.com/sebzphotos/" target="_blank" rel="noreferrer noopener"> https://www.instagram.com/zeb.jpg/ </a><br /> <a rel="noreferrer noopener" aria-label=" (s’ouvre dans un nouvel onglet)" href="https://www.instagram.com/sb.merviel/" target="_blank">https://www.instagram.com/sb.merviel/</a> </p>

<p>Recruté en 2017 par le bureau d&rsquo;alors, Ludovic GIORDANA est venu remplacer Justine, partie à la montagne. Formé par les frères, Gilbert puis Ramon, EGEA dans le Tarn et Garonne à Montech, puis à Montauban. Ludovic enseigne depuis la fin des années 90.Diplômé d&rsquo;état du 1er degré en 2004 et du 2ème degré depuis 2011.5ème &hellip; <a href="https://judofenouillet.fr/index.php/lenseignement/" class="more-link">Continue reading <span class="screen-reader-text">L&rsquo;enseignement</span></a></p>
